/230). Let s = w + i. What is the tens digit of s?
9
Suppose 0 = -0*g + 2*g - 5*u + 1, 2*g - 3*u = 1. Suppose 0 = g*l - 66 - 32. What is the units digit of l?
9
What is the thousands digit of 3/(-30) + 500755*1/50?
0
Suppose 11*w = -4*w + 75. Suppose y + w*y - 30 = 0. What is the units digit of (5 - -71) + y + -1?
0
Suppose 4*v - 14 = 10. Let q(z) = -v*z - 3*z - z - 2 - 13. What is the tens digit of q(-5)?
3
Suppose 3*i = -3*v + 18, -3*i + 4*v = -4*i + 9. Let k = -5 + i. Suppose k = 5*n - 62 - 303. What is the tens digit of n?
7
Suppose -171 = -16*m + 7*m. Suppose m*g = 6*g + 8697. What is the tens digit of g?
6
Let l be (-2)/(-4) + (-13)/(-2). Suppose b = -2*n + 71, -2*n - 82*b = -80*b - 68. Suppose n = 2*c - w, -4*w = 13 + l. What is the tens digit of c?
1
Suppose 0 = -71*q - 1275 + 7935 + 156. Suppose 3*t = -12, -3*b - 54 = -t + 4*t. Let s = q + b. What is the units digit of s?
2
Suppose -4*z + 5*l = -1060, l = z + 3*l - 252. Suppose 0 = c - z + 57. What is the hundreds digit of c?
2
What is the hundreds digit of ((24/(-21))/(1206/469))/((-2)/2421)?
5
Let j(m) = 120*m**3 + 18*m**2 + 38*m - 244. What is the hundreds digit of j(6)?
5
Let z(u) = 2224*u**2 + 28*u + 53. What is the tens digit of z(-2)?
9
Let v(x) = x**3 - x**2 + x - 1. Let f(l) = -26*l**3 + 6*l**2 + 2*l + 5. Let h(s) = -f(s) - 4*v(s). What is the hundreds digit of h(3)?
5
Suppose -2*y - 8 = -2*t + 6, 0 = -4*y - 20. Let b(r) = -r + 6*r + 0*r + 8*r**t - r + 1. What is the units digit of b(-2)?
5
Let b(n) = -3835*n - 209. What is the thousands digit of b(-4)?
5
Let a(g) = -g**2 + 22*g - 13. Suppose 24*i = 34*i - 180. What is the tens digit of a(i)?
5
Let d(z) = -4*z + 1409*z**2 + 0*z - 35 + z + 31 - 2*z. What is the thousands digit of d(-1)?
1
Suppose 2*v + 415 = -5*w, 3*w = 2*v + 3*v + 960. Let n = v - -474. What is the units digit of n?
9
Let n = 1686 + -2453. Let z = 1397 + n. What is the hundreds digit of z?
6
Let p(c) = 8 - 122*c**2 - 11*c + 32*c**2 + 33*c**2 + 25*c**2 + c**3 + 29*c**2. Suppose 4*g = 2*g + 14. What is the tens digit of p(g)?
2
Let f(q) = -2*q**3 + 7*q**2 + q + 18. Let l be f(4). Suppose -l*p - 412 = -7*p. What is the hundreds digit of p?
4
Suppose 4*x - 2*x - 10 = 0, 3*x + 107575 = 5*d. What is the thousands digit of d?
1
Let f(j) = 161*j - 3838. What is the thousands digit of f(76)?
8
Let s = 59 + -53. Let u be 3*(11/s + 1/(-2)). Suppose 0 = -3*m + 7*m - u. What is the units digit of m?
1
Let y(b) = 67*b + 1342. What is the hundreds digit of y(-18)?
1
Suppose 37*n = -n + 202540. What is the thousands digit of n?
5
Let g(x) = 4796*x + 132. What is the tens digit of g(1)?
2
Suppose 4*b + 11*w - 1681 = 16*w, -2*b + w = -839. Suppose 0 = -2*k + i + 277, -2*k = k + 2*i - b. What is the hundreds digit of k?
1
Suppose -2*r - 35914 = -5*n, -45*n = -44*n + 3*r - 7193. What is the units digit of n?
4
Let n = 5334 + -3556. Suppose -n - 1984 = -19*p. What is the hundreds digit of p?
1
Let l = -1243 - -867. Let m = -49 - l. Suppose 3*h = -3*d + 270, -3*d - 4*h - 53 = -m. What is the units digit of d?
6
Let p(j) = 2*j**2 + 3*j + 13. Let q be -4 + 7 - 39/3. What is the units digit of p(q)?
3
Suppose 0 = b - 3*f - 4702, -28*b = -33*b + 4*f + 23543. What is the units digit of b?
1
Suppose 54150 = 4*d + 2*z, 40615 = 2*d + d + 2*z. What is the units digit of (-5)/(-4) - (d/(-20) + 0)?
8
Let f(z) be the second derivative of -55*z**3/2 + 18*z**2 + 51*z. What is the thousands digit of f(-6)?
1
Let h(z) = -107*z**2 + 3*z - 5 + 109*z**2 + 71*z**3 + 1. What is the tens digit of h(1)?
7
Let k = 81 - 87. Let r be 16/48 + 2/k. Suppose -u + r*v = -5*v - 132, 3 = -3*v. What is the units digit of u?
7
Let r be (-2)/((-49)/42 - (-2)/12). Let i be 10/(-5) + 4 + r. What is the units digit of ((-6)/i)/(-3)*116?
8
Let z(i) = 227*i - 65. What is the hundreds digit of z(36)?
1
Let a = -42791 + 77641. What is the hundreds digit of a?
8
Suppose -8*n + 2456 = -4528. Suppose -3*m - 99 = -n. Suppose 142 + m = 5*c. What is the tens digit of c?
8
What is the hundreds digit of -504*((-2140)/60 + -13)?
5
Let m(g) = -g + 44. Let q be m(13). Let r be q + 2 + (-8)/4 - 3. Let x = r + 115. What is the hundreds digit of x?
1
Let z = -12583 + 17907. What is the thousands digit of z?
5
Let v be (-8)/28 - 73656/(-56). Let i = v + -885. What is the units digit of i?
0
Let o = -65 - -18. What is the tens digit of o*(-88)/((-28)/(-7))?
3
Let v(k) = -329*k + 18. Let c(g) = -g**3 + 4*g**2 - 7*g + 9. Let x be c(3). What is the hundreds digit of v(x)?
0
Let u = -9706 - -24954. What is the ten thousands digit of u?
1
Let z = 43 + 151. Let k = -108 + z. What is the tens digit of k?
8
Suppose -8*r + 11*r = 0. Suppose h + 83 - 85 = r. Suppose 0 = -h*c + 99 + 31. What is the tens digit of c?
6
Let o(w) = -7*w - 196. Let g be o(-28). Suppose 0 = z - 15*t + 13*t - 437, g = -2*t - 2. What is the units digit of z?
5
Let p be 237/(-27) + (-4)/18. Let w(r) = -2681*r - 56 - 2657*r + 5315*r. What is the hundreds digit of w(p)?
1
Let x = 1444 + -828. Suppose -2*p = -5*t - 490, 3*p - 3*t - 110 = x. Suppose 14*u = 10*u + p. What is the tens digit of u?
6
Let c = -5 - -2. Let k be c - (4 + -7 - 60/2). Suppose 0 = 6*f + k - 504. What is the tens digit of f?
7
Suppose 4*n - 4*w - 3872 = -w, -4*n + 5*w = -3872. Let c = 1827 - n. What is the units digit of c?
9
Suppose -5*k + 33*g - 29*g + 31305 = 0, -5*g - 12539 = -2*k. What is the units digit of k?
7
Let z(j) = 28*j**2 + j - 1. Let y be z(1). Suppose 0 = a + 2*q - 119, -2*a + 1811*q = 1807*q - 278. Let m = a + y. What is the tens digit of m?
5
What is the tens digit of (3 + -1 + 1 + -2)/(3/26184)?
2
Let w(z) = 24*z - 289. Let x(l) = -25*l + 283. Let m(c) = -4*w(c) - 3*x(c). What is the units digit of m(11)?
6
What is the hundreds digit of 15/165*58839/3?
7
Let z(h) = 11*h**3 + 53*h**2 + 67*h + 27. Let d(o) = 5*o**3 + 26*o**2 + 33*o + 14. Let t(v) = 9*d(v) - 4*z(v). What is the tens digit of t(-20)?
3
Suppose 31*m + 15335 = 187044. What is the thousands digit of m?
5
Suppose k - 5544 = 4*a, -60*a = -63*a - 6. What is the hundreds digit of k?
5
Suppose 0 = -2*y + x + 37993, 12*y + 4*x = 8*y + 75968. What is the hundreds digit of y?
9
Let u = 54525 - 31142. What is the hundreds digit of u?
3
Let r = 7163 + -4660. What is the units digit of r?
3
Suppose 2*n - 81 - 55 = x, 0 = 4*x + 3*n + 588. Let t = 74 + x. What is the units digit of (-4)/(16/t) - 3/2?
6
Suppose -y - 46107 = -5*n + 2*y, 4*n = -2*y + 36890. What is the hundreds digit of n?
2
Let b(u) = 7*u**3 - 6*u**2 - 4*u - 9. Suppose -2*h + 3*w - 5 = 0, -3*w + 35 = 3*h + w. What is the units digit of b(h)?
6
Suppose -2*n - 7799 = -5*x + 1824, -2*x - 4816 = n. What is the hundreds digit of 35/(-210) - n/12?
4
Let s = 105 + -122. What is the hundreds digit of (18 + s)/((-1)/(-223))?
2
Let a(k) = -k**2 + 5*k + 6. Suppose t - 22 = -4*p, -5*t + 5*p = 3 - 13. Let n be a(t). Suppose -4*q - q = n, 5*q - 115 = -l. What is the hundreds digit of l?
1
Let s(q) = q**2 - 3*q - 5. Let a be s(-2). Suppose -40 = -5*z - a*z. What is the hundreds digit of -2 - 3437/(-28) - (-1)/z?
1
Let g(k) = k**3 + 8*k**2 - 18*k + 24. Let n be g(-10). Suppose 0 = -5*a - 2*t + 100, -5*t = -n*a - 9*t + 92. What is the tens digit of a?
1
Suppose -54 = -7*f - 82. What is the hundreds digit of (f/(-1))/(11/((-8404)/(-8)))?
3
Suppose -2297*s = -2559*s + 330120. What is the tens digit of s?
6
Let u(f) = -12*f - 105. Let x be u(-15). Let v = 582 - x. What is the tens digit of v?
0
Let a(d) = -d**3 + 8*d**2 - 10*d + 23. Let z be a(5). What is the units digit of (-24446)/(-22) - z/264?
1
Let v(b) = 185*b**3 + b**2 + 5. Let k be v(2). Suppose -2*f = -3*j + k, -2*j + 1364 = 2*f + 368. What is the hundreds digit of j?
4
What is the ten thousands digit of ((-5)/(-4))/(1/4) - -14566?
1
Let k = -4629 + 8314. What is the hundreds digit of k?
6
Suppose 0 = -3*n + 5*m + 208038, 0 = -4*n + 5*m + 367583 - 90214. What is the ten thousands digit of n?
6
Let k(q) = 9070*q - 211. What is the hundreds digit of k(1)?
8
Let s be 1 + 3 - (24 - -1). Let b be -1*3 - (s - -14). Suppose 0*t = -t - b*w + 33, -5*w - 184 = -3*t. What is the tens digit of t?
5
Let a(b) = 3*b**3 - b**2 - 5. Let r be a(2). Suppose -r*y = 29*y - 13552. What is the tens digit of y?
0
Let z(h) = 42*h - 246. Let y be z(6). Supp